{"version":"1.0","provider_name":"Agroventilaci\u00f3n","provider_url":"https:\/\/www.agroventilacion.cl\/home","author_name":"agroventilacion2020","author_url":"https:\/\/www.agroventilacion.cl\/home\/author\/agroventilacion2020\/","title":"Ventiladores ADF - Agroventilaci\u00f3n","type":"rich","width":600,"height":338,"html":"<blockquote class=\"wp-embedded-content\" data-secret=\"BDxpEvx3fh\"><a href=\"https:\/\/www.agroventilacion.cl\/home\/producto\/ventiladores-adf\/\">Ventiladores ADF<\/a><\/blockquote><iframe sandbox=\"allow-scripts\" security=\"restricted\" src=\"https:\/\/www.agroventilacion.cl\/home\/producto\/ventiladores-adf\/embed\/#?secret=BDxpEvx3fh\" width=\"600\" height=\"338\" title=\"\u00abVentiladores ADF\u00bb \u2014 Agroventilaci\u00f3n\" data-secret=\"BDxpEvx3fh\" frameborder=\"0\" marginwidth=\"0\" marginheight=\"0\" scrolling=\"no\" class=\"wp-embedded-content\"><\/iframe><script type=\"text\/javascript\">\n\/* <![CDATA[ *\/\n\/*! This file is auto-generated *\/\n!function(d,l){\"use strict\";l.querySelector&&d.addEventListener&&\"undefined\"!=typeof URL&&(d.wp=d.wp||{},d.wp.receiveEmbedMessage||(d.wp.receiveEmbedMessage=function(e){var t=e.data;if((t||t.secret||t.message||t.value)&&!\/[^a-zA-Z0-9]\/.test(t.secret)){for(var s,r,n,a=l.querySelectorAll('iframe[data-secret=\"'+t.secret+'\"]'),o=l.querySelectorAll('blockquote[data-secret=\"'+t.secret+'\"]'),c=new RegExp(\"^https?:$\",\"i\"),i=0;i<o.length;i++)o[i].style.display=\"none\";for(i=0;i<a.length;i++)s=a[i],e.source===s.contentWindow&&(s.removeAttribute(\"style\"),\"height\"===t.message?(1e3<(r=parseInt(t.value,10))?r=1e3:~~r<200&&(r=200),s.height=r):\"link\"===t.message&&(r=new URL(s.getAttribute(\"src\")),n=new URL(t.value),c.test(n.protocol))&&n.host===r.host&&l.activeElement===s&&(d.top.location.href=t.value))}},d.addEventListener(\"message\",d.wp.receiveEmbedMessage,!1),l.addEventListener(\"DOMContentLoaded\",function(){for(var e,t,s=l.querySelectorAll(\"iframe.wp-embedded-content\"),r=0;r<s.length;r++)(t=(e=s[r]).getAttribute(\"data-secret\"))||(t=Math.random().toString(36).substring(2,12),e.src+=\"#?secret=\"+t,e.setAttribute(\"data-secret\",t)),e.contentWindow.postMessage({message:\"ready\",secret:t},\"*\")},!1)))}(window,document);\n\/* ]]> *\/\n<\/script>\n","thumbnail_url":"https:\/\/www.agroventilacion.cl\/home\/wp-content\/uploads\/2020\/07\/ADF..png","thumbnail_width":733,"thumbnail_height":445,"description":"Con su h\u00e9lice de 6 aspas, el ADF 53 genera una alta tasa de desplazamiento de aire, usando poca potencia, lo que resulta en una alta eficiencia. Creado espec\u00edficamente para el mercado americano, es lo suficientemente robusto para asumir las aplicaciones m\u00e1s exigentes y resistir el paso del tiempo. El tensor de correa aurom\u00e1tica est\u00e1ndar garantiza una transferencia \u00f3ptima de energ\u00eda durante el arranque y operaci\u00f3n, con un servicio libre de mantenimiento extendido."}

Agroventilación

Ventiladores ADF - Agroventilación

<blockquote class="wp-embedded-content" data-secret="BDxpEvx3fh"><a href="https://www.agroventilacion.cl/home/producto/ventiladores-adf/">Ventiladores ADF</a></blockquote><iframe sandbox="allow-scripts" security="restricted" src="https://www.agroventilacion.cl/home/producto/ventiladores-adf/embed/#?secret=BDxpEvx3fh" width="600" height="338" title="«Ventiladores ADF» — Agroventilación" data-secret="BDxpEvx3fh" frameborder="0" marginwidth="0" marginheight="0" scrolling="no" class="wp-embedded-content"></iframe><script type="text/javascript">
/* <![CDATA[ */
/*! This file is auto-generated */
!function(d,l){"use strict";l.querySelector&&d.addEventListener&&"undefined"!=typeof URL&&(d.wp=d.wp||{},d.wp.receiveEmbedMessage||(d.wp.receiveEmbedMessage=function(e){var t=e.data;if((t||t.secret||t.message||t.value)&&!/[^a-zA-Z0-9]/.test(t.secret)){for(var s,r,n,a=l.querySelectorAll('iframe[data-secret="'+t.secret+'"]'),o=l.querySelectorAll('blockquote[data-secret="'+t.secret+'"]'),c=new RegExp("^https?:$","i"),i=0;i<o.length;i++)o[i].style.display="none";for(i=0;i<a.length;i++)s=a[i],e.source===s.contentWindow&&(s.removeAttribute("style"),"height"===t.message?(1e3<(r=parseInt(t.value,10))?r=1e3:~~r<200&&(r=200),s.height=r):"link"===t.message&&(r=new URL(s.getAttribute("src")),n=new URL(t.value),c.test(n.protocol))&&n.host===r.host&&l.activeElement===s&&(d.top.location.href=t.value))}},d.addEventListener("message",d.wp.receiveEmbedMessage,!1),l.addEventListener("DOMContentLoaded",function(){for(var e,t,s=l.querySelectorAll("iframe.wp-embedded-content"),r=0;r<s.length;r++)(t=(e=s[r]).getAttribute("data-secret"))||(t=Math.random().toString(36).substring(2,12),e.src+="#?secret="+t,e.setAttribute("data-secret",t)),e.contentWindow.postMessage({message:"ready",secret:t},"*")},!1)))}(window,document);
/* ]]> */
</script>

Con su hélice de 6 aspas, el ADF 53 genera una alta tasa de desplazamiento de aire, usando poca potencia, lo que resulta en una alta eficiencia. Creado específicamente para el mercado americano, es lo suficientemente robusto para asumir las aplicaciones más exigentes y resistir el paso del tiempo. El tensor de correa auromática estándar garantiza una transferencia óptima de energía durante el arranque y operación, con un servicio libre de mantenimiento extendido.
