{"id":169,"date":"2020-06-12T13:15:30","date_gmt":"2020-06-12T16:15:30","guid":{"rendered":"https:\/\/www.agroventilacion.cl\/home\/?post_type=product&#038;p=169"},"modified":"2020-10-20T10:05:57","modified_gmt":"2020-10-20T13:05:57","slug":"sistema-de-nebulizacion-por-baja-presion","status":"publish","type":"product","link":"https:\/\/www.agroventilacion.cl\/home\/producto\/sistema-de-nebulizacion-por-baja-presion\/","title":{"rendered":"Sistema de nebulizaci\u00f3n por baja presi\u00f3n"},"content":{"rendered":"","protected":false},"excerpt":{"rendered":"<p>Este sistema consiste en un atomizador de agua con disco giratorio. Algunos modelos incluyen ventilador o se pueden adosar a un ventilador. Se produce en pl\u00e1stico con el fin de optimizar el peso y la resistencia a la corrosi\u00f3n.\u00a0Cada modelo puede funcionar con agua a presi\u00f3n est\u00e1ndar, sin ning\u00fan tipo de boquillas, con\u00a0el fin de evitar cualquier posible problema causado por la calcificaci\u00f3n e impurezas en el agua.<\/p>\n<p>Equipo ideal para incrementar la humedad relativa al interior de las instalaciones.<\/p>\n","protected":false},"featured_media":2259,"template":"","meta":{"_et_pb_use_builder":"","_et_pb_old_content":"","_et_gb_content_width":""},"class_list":{"0":"post-169","1":"product","2":"type-product","3":"status-publish","4":"has-post-thumbnail","6":"product_cat-enfriamiento","8":"first","9":"instock","10":"shipping-taxable","11":"product-type-simple"},"yoast_head":"<!-- This site is optimized with the Yoast SEO plugin v24.4 - https:\/\/yoast.com\/wordpress\/plugins\/seo\/ -->\n<title>Sistema de nebulizaci\u00f3n por baja presi\u00f3n - Agroventilaci\u00f3n<\/title>\n<meta name=\"robots\" content=\"index, follow, max-snippet:-1, max-image-preview:large, max-video-preview:-1\" \/>\n<link rel=\"canonical\" href=\"https:\/\/www.agroventilacion.cl\/home\/producto\/sistema-de-nebulizacion-por-baja-presion\/\" \/>\n<meta property=\"og:locale\" content=\"es_ES\" \/>\n<meta property=\"og:type\" content=\"article\" \/>\n<meta property=\"og:title\" content=\"Sistema de nebulizaci\u00f3n por baja presi\u00f3n - Agroventilaci\u00f3n\" \/>\n<meta property=\"og:description\" content=\"Este sistema consiste en un atomizador de agua con disco giratorio. Algunos modelos incluyen ventilador o se pueden adosar a un ventilador. Se produce en pl\u00e1stico con el fin de optimizar el peso y la resistencia a la corrosi\u00f3n.\u00a0Cada modelo puede funcionar con agua a presi\u00f3n est\u00e1ndar, sin ning\u00fan tipo de boquillas, con\u00a0el fin de evitar cualquier posible problema causado por la calcificaci\u00f3n e impurezas en el agua.  Equipo ideal para incrementar la humedad relativa al interior de las instalaciones.\" \/>\n<meta property=\"og:url\" content=\"https:\/\/www.agroventilacion.cl\/home\/producto\/sistema-de-nebulizacion-por-baja-presion\/\" \/>\n<meta property=\"og:site_name\" content=\"Agroventilaci\u00f3n\" \/>\n<meta property=\"article:modified_time\" content=\"2020-10-20T13:05:57+00:00\" \/>\n<meta property=\"og:image\" content=\"https:\/\/www.agroventilacion.cl\/home\/wp-content\/uploads\/2020\/06\/sistema-nebulizacion-1.jpg\" \/>\n\t<meta property=\"og:image:width\" content=\"596\" \/>\n\t<meta property=\"og:image:height\" content=\"740\" \/>\n\t<meta property=\"og:image:type\" content=\"image\/jpeg\" \/>\n<meta name=\"twitter:card\" content=\"summary_large_image\" \/>\n<script type=\"application\/ld+json\" class=\"yoast-schema-graph\">{\"@context\":\"https:\/\/schema.org\",\"@graph\":[{\"@type\":\"WebPage\",\"@id\":\"https:\/\/www.agroventilacion.cl\/home\/producto\/sistema-de-nebulizacion-por-baja-presion\/\",\"url\":\"https:\/\/www.agroventilacion.cl\/home\/producto\/sistema-de-nebulizacion-por-baja-presion\/\",\"name\":\"Sistema de nebulizaci\u00f3n por baja presi\u00f3n - Agroventilaci\u00f3n\",\"isPartOf\":{\"@id\":\"https:\/\/www.agroventilacion.cl\/home\/#website\"},\"primaryImageOfPage\":{\"@id\":\"https:\/\/www.agroventilacion.cl\/home\/producto\/sistema-de-nebulizacion-por-baja-presion\/#primaryimage\"},\"image\":{\"@id\":\"https:\/\/www.agroventilacion.cl\/home\/producto\/sistema-de-nebulizacion-por-baja-presion\/#primaryimage\"},\"thumbnailUrl\":\"https:\/\/www.agroventilacion.cl\/home\/wp-content\/uploads\/2020\/06\/sistema-nebulizacion-1.jpg\",\"datePublished\":\"2020-06-12T16:15:30+00:00\",\"dateModified\":\"2020-10-20T13:05:57+00:00\",\"breadcrumb\":{\"@id\":\"https:\/\/www.agroventilacion.cl\/home\/producto\/sistema-de-nebulizacion-por-baja-presion\/#breadcrumb\"},\"inLanguage\":\"es\",\"potentialAction\":[{\"@type\":\"ReadAction\",\"target\":[\"https:\/\/www.agroventilacion.cl\/home\/producto\/sistema-de-nebulizacion-por-baja-presion\/\"]}]},{\"@type\":\"ImageObject\",\"inLanguage\":\"es\",\"@id\":\"https:\/\/www.agroventilacion.cl\/home\/producto\/sistema-de-nebulizacion-por-baja-presion\/#primaryimage\",\"url\":\"https:\/\/www.agroventilacion.cl\/home\/wp-content\/uploads\/2020\/06\/sistema-nebulizacion-1.jpg\",\"contentUrl\":\"https:\/\/www.agroventilacion.cl\/home\/wp-content\/uploads\/2020\/06\/sistema-nebulizacion-1.jpg\",\"width\":596,\"height\":740},{\"@type\":\"BreadcrumbList\",\"@id\":\"https:\/\/www.agroventilacion.cl\/home\/producto\/sistema-de-nebulizacion-por-baja-presion\/#breadcrumb\",\"itemListElement\":[{\"@type\":\"ListItem\",\"position\":1,\"name\":\"Portada\",\"item\":\"https:\/\/www.agroventilacion.cl\/home\/\"},{\"@type\":\"ListItem\",\"position\":2,\"name\":\"Tienda\",\"item\":\"https:\/\/www.agroventilacion.cl\/home\/tienda\/\"},{\"@type\":\"ListItem\",\"position\":3,\"name\":\"Sistema de nebulizaci\u00f3n por baja presi\u00f3n\"}]},{\"@type\":\"WebSite\",\"@id\":\"https:\/\/www.agroventilacion.cl\/home\/#website\",\"url\":\"https:\/\/www.agroventilacion.cl\/home\/\",\"name\":\"Agroventilaci\u00f3n\",\"description\":\"Soluciones Agroindustriales\",\"publisher\":{\"@id\":\"https:\/\/www.agroventilacion.cl\/home\/#organization\"},\"potentialAction\":[{\"@type\":\"SearchAction\",\"target\":{\"@type\":\"EntryPoint\",\"urlTemplate\":\"https:\/\/www.agroventilacion.cl\/home\/?s={search_term_string}\"},\"query-input\":{\"@type\":\"PropertyValueSpecification\",\"valueRequired\":true,\"valueName\":\"search_term_string\"}}],\"inLanguage\":\"es\"},{\"@type\":\"Organization\",\"@id\":\"https:\/\/www.agroventilacion.cl\/home\/#organization\",\"name\":\"Agroventilaci\u00f3n Soluciones Agroindustriales\",\"url\":\"https:\/\/www.agroventilacion.cl\/home\/\",\"logo\":{\"@type\":\"ImageObject\",\"inLanguage\":\"es\",\"@id\":\"https:\/\/www.agroventilacion.cl\/home\/#\/schema\/logo\/image\/\",\"url\":\"https:\/\/www.agroventilacion.cl\/home\/wp-content\/uploads\/2020\/06\/Logo-agroventilacion-1.png\",\"contentUrl\":\"https:\/\/www.agroventilacion.cl\/home\/wp-content\/uploads\/2020\/06\/Logo-agroventilacion-1.png\",\"width\":218,\"height\":80,\"caption\":\"Agroventilaci\u00f3n Soluciones Agroindustriales\"},\"image\":{\"@id\":\"https:\/\/www.agroventilacion.cl\/home\/#\/schema\/logo\/image\/\"}}]}<\/script>\n<!-- \/ Yoast SEO plugin. -->","yoast_head_json":{"title":"Sistema de nebulizaci\u00f3n por baja presi\u00f3n - Agroventilaci\u00f3n","robots":{"index":"index","follow":"follow","max-snippet":"max-snippet:-1","max-image-preview":"max-image-preview:large","max-video-preview":"max-video-preview:-1"},"canonical":"https:\/\/www.agroventilacion.cl\/home\/producto\/sistema-de-nebulizacion-por-baja-presion\/","og_locale":"es_ES","og_type":"article","og_title":"Sistema de nebulizaci\u00f3n por baja presi\u00f3n - Agroventilaci\u00f3n","og_description":"Este sistema consiste en un atomizador de agua con disco giratorio. Algunos modelos incluyen ventilador o se pueden adosar a un ventilador. Se produce en pl\u00e1stico con el fin de optimizar el peso y la resistencia a la corrosi\u00f3n.\u00a0Cada modelo puede funcionar con agua a presi\u00f3n est\u00e1ndar, sin ning\u00fan tipo de boquillas, con\u00a0el fin de evitar cualquier posible problema causado por la calcificaci\u00f3n e impurezas en el agua.  Equipo ideal para incrementar la humedad relativa al interior de las instalaciones.","og_url":"https:\/\/www.agroventilacion.cl\/home\/producto\/sistema-de-nebulizacion-por-baja-presion\/","og_site_name":"Agroventilaci\u00f3n","article_modified_time":"2020-10-20T13:05:57+00:00","og_image":[{"width":596,"height":740,"url":"https:\/\/www.agroventilacion.cl\/home\/wp-content\/uploads\/2020\/06\/sistema-nebulizacion-1.jpg","type":"image\/jpeg"}],"twitter_card":"summary_large_image","schema":{"@context":"https:\/\/schema.org","@graph":[{"@type":"WebPage","@id":"https:\/\/www.agroventilacion.cl\/home\/producto\/sistema-de-nebulizacion-por-baja-presion\/","url":"https:\/\/www.agroventilacion.cl\/home\/producto\/sistema-de-nebulizacion-por-baja-presion\/","name":"Sistema de nebulizaci\u00f3n por baja presi\u00f3n - Agroventilaci\u00f3n","isPartOf":{"@id":"https:\/\/www.agroventilacion.cl\/home\/#website"},"primaryImageOfPage":{"@id":"https:\/\/www.agroventilacion.cl\/home\/producto\/sistema-de-nebulizacion-por-baja-presion\/#primaryimage"},"image":{"@id":"https:\/\/www.agroventilacion.cl\/home\/producto\/sistema-de-nebulizacion-por-baja-presion\/#primaryimage"},"thumbnailUrl":"https:\/\/www.agroventilacion.cl\/home\/wp-content\/uploads\/2020\/06\/sistema-nebulizacion-1.jpg","datePublished":"2020-06-12T16:15:30+00:00","dateModified":"2020-10-20T13:05:57+00:00","breadcrumb":{"@id":"https:\/\/www.agroventilacion.cl\/home\/producto\/sistema-de-nebulizacion-por-baja-presion\/#breadcrumb"},"inLanguage":"es","potentialAction":[{"@type":"ReadAction","target":["https:\/\/www.agroventilacion.cl\/home\/producto\/sistema-de-nebulizacion-por-baja-presion\/"]}]},{"@type":"ImageObject","inLanguage":"es","@id":"https:\/\/www.agroventilacion.cl\/home\/producto\/sistema-de-nebulizacion-por-baja-presion\/#primaryimage","url":"https:\/\/www.agroventilacion.cl\/home\/wp-content\/uploads\/2020\/06\/sistema-nebulizacion-1.jpg","contentUrl":"https:\/\/www.agroventilacion.cl\/home\/wp-content\/uploads\/2020\/06\/sistema-nebulizacion-1.jpg","width":596,"height":740},{"@type":"BreadcrumbList","@id":"https:\/\/www.agroventilacion.cl\/home\/producto\/sistema-de-nebulizacion-por-baja-presion\/#breadcrumb","itemListElement":[{"@type":"ListItem","position":1,"name":"Portada","item":"https:\/\/www.agroventilacion.cl\/home\/"},{"@type":"ListItem","position":2,"name":"Tienda","item":"https:\/\/www.agroventilacion.cl\/home\/tienda\/"},{"@type":"ListItem","position":3,"name":"Sistema de nebulizaci\u00f3n por baja presi\u00f3n"}]},{"@type":"WebSite","@id":"https:\/\/www.agroventilacion.cl\/home\/#website","url":"https:\/\/www.agroventilacion.cl\/home\/","name":"Agroventilaci\u00f3n","description":"Soluciones Agroindustriales","publisher":{"@id":"https:\/\/www.agroventilacion.cl\/home\/#organization"},"potentialAction":[{"@type":"SearchAction","target":{"@type":"EntryPoint","urlTemplate":"https:\/\/www.agroventilacion.cl\/home\/?s={search_term_string}"},"query-input":{"@type":"PropertyValueSpecification","valueRequired":true,"valueName":"search_term_string"}}],"inLanguage":"es"},{"@type":"Organization","@id":"https:\/\/www.agroventilacion.cl\/home\/#organization","name":"Agroventilaci\u00f3n Soluciones Agroindustriales","url":"https:\/\/www.agroventilacion.cl\/home\/","logo":{"@type":"ImageObject","inLanguage":"es","@id":"https:\/\/www.agroventilacion.cl\/home\/#\/schema\/logo\/image\/","url":"https:\/\/www.agroventilacion.cl\/home\/wp-content\/uploads\/2020\/06\/Logo-agroventilacion-1.png","contentUrl":"https:\/\/www.agroventilacion.cl\/home\/wp-content\/uploads\/2020\/06\/Logo-agroventilacion-1.png","width":218,"height":80,"caption":"Agroventilaci\u00f3n Soluciones Agroindustriales"},"image":{"@id":"https:\/\/www.agroventilacion.cl\/home\/#\/schema\/logo\/image\/"}}]}},"_links":{"self":[{"href":"https:\/\/www.agroventilacion.cl\/home\/wp-json\/wp\/v2\/product\/169","targetHints":{"allow":["GET"]}}],"collection":[{"href":"https:\/\/www.agroventilacion.cl\/home\/wp-json\/wp\/v2\/product"}],"about":[{"href":"https:\/\/www.agroventilacion.cl\/home\/wp-json\/wp\/v2\/types\/product"}],"wp:featuredmedia":[{"embeddable":true,"href":"https:\/\/www.agroventilacion.cl\/home\/wp-json\/wp\/v2\/media\/2259"}],"wp:attachment":[{"href":"https:\/\/www.agroventilacion.cl\/home\/wp-json\/wp\/v2\/media?parent=169"}],"curies":[{"name":"wp","href":"https:\/\/api.w.org\/{rel}","templated":true}]}}