{"id":1760,"date":"2020-07-29T12:17:58","date_gmt":"2020-07-29T15:17:58","guid":{"rendered":"https:\/\/www.agroventilacion.cl\/home\/?post_type=product&#038;p=1760"},"modified":"2020-07-29T12:17:58","modified_gmt":"2020-07-29T15:17:58","slug":"paridera-cerdos-017","status":"publish","type":"product","link":"https:\/\/www.agroventilacion.cl\/home\/producto\/paridera-cerdos-017\/","title":{"rendered":"Paridera Cerdos 017"},"content":{"rendered":"","protected":false},"excerpt":{"rendered":"<h2>Jaulas de maternidad<\/h2>\n<p><strong>Paridera 017 &#8211; Longitud variable.<\/strong><\/p>\n<p>La Paridera 017 es uno de los productos m\u00e1s sencillos y robustos de la gama. No permite la regulaci\u00f3n en anchura ni la apertura lateral, pero s\u00ed la longitud o espacio en el habit\u00e1culo.<\/p>\n<p><strong>Materiales<\/strong><br \/>\nTubo 33,7&#215;2,3.<br \/>\nTubo 26,75&#215;2.<br \/>\nTubo 40x40x3.<\/p>\n<div><strong>Caracter\u00edsticas t\u00e9cnicas<\/strong><\/div>\n<div><\/div>\n<ul>\n<li>Longitud suficientes para distintas gen\u00e9ticas.<\/li>\n<li>Barras protectoras \u00abdedos\u00bb en la parte inferior para evitar aplastamientos.<\/li>\n<li>Modificaci\u00f3n de espacio interior gracias a puerta trasera regulable.<\/li>\n<li>Adaptador para posicionamiento de l\u00e1mpara tambi\u00e9n regulable en posici\u00f3n.<\/li>\n<li>Sin cortes ni aristas vivas.<\/li>\n<li>Acabado negro o galvanizado.<\/li>\n<li>Frontal para comedero de acero inoxidable, PVC, etc.<\/li>\n<li>Diferentes opciones de anclaje a rejilla.<\/li>\n<li>Consultar la posibilidad de aplicaciones particulares.<\/li>\n<\/ul>\n","protected":false},"featured_media":1761,"template":"","meta":{"_et_pb_use_builder":"","_et_pb_old_content":"","_et_gb_content_width":""},"class_list":{"0":"post-1760","1":"product","2":"type-product","3":"status-publish","4":"has-post-thumbnail","6":"product_cat-jaulas-cerdos","8":"first","9":"instock","10":"shipping-taxable","11":"product-type-simple"},"yoast_head":"<!-- This site is optimized with the Yoast SEO plugin v24.4 - https:\/\/yoast.com\/wordpress\/plugins\/seo\/ -->\n<title>Paridera Cerdos 017 - Agroventilaci\u00f3n<\/title>\n<meta name=\"robots\" content=\"index, follow, max-snippet:-1, max-image-preview:large, max-video-preview:-1\" \/>\n<link rel=\"canonical\" href=\"https:\/\/www.agroventilacion.cl\/home\/producto\/paridera-cerdos-017\/\" \/>\n<meta property=\"og:locale\" content=\"es_ES\" \/>\n<meta property=\"og:type\" content=\"article\" \/>\n<meta property=\"og:title\" content=\"Paridera Cerdos 017 - Agroventilaci\u00f3n\" \/>\n<meta property=\"og:description\" content=\"Jaulas de maternidad Paridera 017 - Longitud variable.  La Paridera 017 es uno de los productos m\u00e1s sencillos y robustos de la gama. No permite la regulaci\u00f3n en anchura ni la apertura lateral, pero s\u00ed la longitud o espacio en el habit\u00e1culo.  Materiales Tubo 33,7x2,3. Tubo 26,75x2. Tubo 40x40x3. Caracter\u00edsticas t\u00e9cnicas    Longitud suficientes para distintas gen\u00e9ticas.  Barras protectoras &quot;dedos&quot; en la parte inferior para evitar aplastamientos.  Modificaci\u00f3n de espacio interior gracias a puerta trasera regulable.  Adaptador para posicionamiento de l\u00e1mpara tambi\u00e9n regulable en posici\u00f3n.  Sin cortes ni aristas vivas.  Acabado negro o galvanizado.  Frontal para comedero de acero inoxidable, PVC, etc.  Diferentes opciones de anclaje a rejilla.  Consultar la posibilidad de aplicaciones particulares.\" \/>\n<meta property=\"og:url\" content=\"https:\/\/www.agroventilacion.cl\/home\/producto\/paridera-cerdos-017\/\" \/>\n<meta property=\"og:site_name\" content=\"Agroventilaci\u00f3n\" \/>\n<meta property=\"og:image\" content=\"https:\/\/www.agroventilacion.cl\/home\/wp-content\/uploads\/2020\/07\/PARIDERA-017-1.png\" \/>\n\t<meta property=\"og:image:width\" content=\"332\" \/>\n\t<meta property=\"og:image:height\" content=\"339\" \/>\n\t<meta property=\"og:image:type\" content=\"image\/png\" \/>\n<meta name=\"twitter:card\" content=\"summary_large_image\" \/>\n<script type=\"application\/ld+json\" class=\"yoast-schema-graph\">{\"@context\":\"https:\/\/schema.org\",\"@graph\":[{\"@type\":\"WebPage\",\"@id\":\"https:\/\/www.agroventilacion.cl\/home\/producto\/paridera-cerdos-017\/\",\"url\":\"https:\/\/www.agroventilacion.cl\/home\/producto\/paridera-cerdos-017\/\",\"name\":\"Paridera Cerdos 017 - Agroventilaci\u00f3n\",\"isPartOf\":{\"@id\":\"https:\/\/www.agroventilacion.cl\/home\/#website\"},\"primaryImageOfPage\":{\"@id\":\"https:\/\/www.agroventilacion.cl\/home\/producto\/paridera-cerdos-017\/#primaryimage\"},\"image\":{\"@id\":\"https:\/\/www.agroventilacion.cl\/home\/producto\/paridera-cerdos-017\/#primaryimage\"},\"thumbnailUrl\":\"https:\/\/www.agroventilacion.cl\/home\/wp-content\/uploads\/2020\/07\/PARIDERA-017-1.png\",\"datePublished\":\"2020-07-29T15:17:58+00:00\",\"breadcrumb\":{\"@id\":\"https:\/\/www.agroventilacion.cl\/home\/producto\/paridera-cerdos-017\/#breadcrumb\"},\"inLanguage\":\"es\",\"potentialAction\":[{\"@type\":\"ReadAction\",\"target\":[\"https:\/\/www.agroventilacion.cl\/home\/producto\/paridera-cerdos-017\/\"]}]},{\"@type\":\"ImageObject\",\"inLanguage\":\"es\",\"@id\":\"https:\/\/www.agroventilacion.cl\/home\/producto\/paridera-cerdos-017\/#primaryimage\",\"url\":\"https:\/\/www.agroventilacion.cl\/home\/wp-content\/uploads\/2020\/07\/PARIDERA-017-1.png\",\"contentUrl\":\"https:\/\/www.agroventilacion.cl\/home\/wp-content\/uploads\/2020\/07\/PARIDERA-017-1.png\",\"width\":332,\"height\":339},{\"@type\":\"BreadcrumbList\",\"@id\":\"https:\/\/www.agroventilacion.cl\/home\/producto\/paridera-cerdos-017\/#breadcrumb\",\"itemListElement\":[{\"@type\":\"ListItem\",\"position\":1,\"name\":\"Portada\",\"item\":\"https:\/\/www.agroventilacion.cl\/home\/\"},{\"@type\":\"ListItem\",\"position\":2,\"name\":\"Tienda\",\"item\":\"https:\/\/www.agroventilacion.cl\/home\/tienda\/\"},{\"@type\":\"ListItem\",\"position\":3,\"name\":\"Paridera Cerdos 017\"}]},{\"@type\":\"WebSite\",\"@id\":\"https:\/\/www.agroventilacion.cl\/home\/#website\",\"url\":\"https:\/\/www.agroventilacion.cl\/home\/\",\"name\":\"Agroventilaci\u00f3n\",\"description\":\"Soluciones Agroindustriales\",\"publisher\":{\"@id\":\"https:\/\/www.agroventilacion.cl\/home\/#organization\"},\"potentialAction\":[{\"@type\":\"SearchAction\",\"target\":{\"@type\":\"EntryPoint\",\"urlTemplate\":\"https:\/\/www.agroventilacion.cl\/home\/?s={search_term_string}\"},\"query-input\":{\"@type\":\"PropertyValueSpecification\",\"valueRequired\":true,\"valueName\":\"search_term_string\"}}],\"inLanguage\":\"es\"},{\"@type\":\"Organization\",\"@id\":\"https:\/\/www.agroventilacion.cl\/home\/#organization\",\"name\":\"Agroventilaci\u00f3n Soluciones Agroindustriales\",\"url\":\"https:\/\/www.agroventilacion.cl\/home\/\",\"logo\":{\"@type\":\"ImageObject\",\"inLanguage\":\"es\",\"@id\":\"https:\/\/www.agroventilacion.cl\/home\/#\/schema\/logo\/image\/\",\"url\":\"https:\/\/www.agroventilacion.cl\/home\/wp-content\/uploads\/2020\/06\/Logo-agroventilacion-1.png\",\"contentUrl\":\"https:\/\/www.agroventilacion.cl\/home\/wp-content\/uploads\/2020\/06\/Logo-agroventilacion-1.png\",\"width\":218,\"height\":80,\"caption\":\"Agroventilaci\u00f3n Soluciones Agroindustriales\"},\"image\":{\"@id\":\"https:\/\/www.agroventilacion.cl\/home\/#\/schema\/logo\/image\/\"}}]}<\/script>\n<!-- \/ Yoast SEO plugin. -->","yoast_head_json":{"title":"Paridera Cerdos 017 - Agroventilaci\u00f3n","robots":{"index":"index","follow":"follow","max-snippet":"max-snippet:-1","max-image-preview":"max-image-preview:large","max-video-preview":"max-video-preview:-1"},"canonical":"https:\/\/www.agroventilacion.cl\/home\/producto\/paridera-cerdos-017\/","og_locale":"es_ES","og_type":"article","og_title":"Paridera Cerdos 017 - Agroventilaci\u00f3n","og_description":"Jaulas de maternidad Paridera 017 - Longitud variable.  La Paridera 017 es uno de los productos m\u00e1s sencillos y robustos de la gama. No permite la regulaci\u00f3n en anchura ni la apertura lateral, pero s\u00ed la longitud o espacio en el habit\u00e1culo.  Materiales Tubo 33,7x2,3. Tubo 26,75x2. Tubo 40x40x3. Caracter\u00edsticas t\u00e9cnicas    Longitud suficientes para distintas gen\u00e9ticas.  Barras protectoras \"dedos\" en la parte inferior para evitar aplastamientos.  Modificaci\u00f3n de espacio interior gracias a puerta trasera regulable.  Adaptador para posicionamiento de l\u00e1mpara tambi\u00e9n regulable en posici\u00f3n.  Sin cortes ni aristas vivas.  Acabado negro o galvanizado.  Frontal para comedero de acero inoxidable, PVC, etc.  Diferentes opciones de anclaje a rejilla.  Consultar la posibilidad de aplicaciones particulares.","og_url":"https:\/\/www.agroventilacion.cl\/home\/producto\/paridera-cerdos-017\/","og_site_name":"Agroventilaci\u00f3n","og_image":[{"width":332,"height":339,"url":"https:\/\/www.agroventilacion.cl\/home\/wp-content\/uploads\/2020\/07\/PARIDERA-017-1.png","type":"image\/png"}],"twitter_card":"summary_large_image","schema":{"@context":"https:\/\/schema.org","@graph":[{"@type":"WebPage","@id":"https:\/\/www.agroventilacion.cl\/home\/producto\/paridera-cerdos-017\/","url":"https:\/\/www.agroventilacion.cl\/home\/producto\/paridera-cerdos-017\/","name":"Paridera Cerdos 017 - Agroventilaci\u00f3n","isPartOf":{"@id":"https:\/\/www.agroventilacion.cl\/home\/#website"},"primaryImageOfPage":{"@id":"https:\/\/www.agroventilacion.cl\/home\/producto\/paridera-cerdos-017\/#primaryimage"},"image":{"@id":"https:\/\/www.agroventilacion.cl\/home\/producto\/paridera-cerdos-017\/#primaryimage"},"thumbnailUrl":"https:\/\/www.agroventilacion.cl\/home\/wp-content\/uploads\/2020\/07\/PARIDERA-017-1.png","datePublished":"2020-07-29T15:17:58+00:00","breadcrumb":{"@id":"https:\/\/www.agroventilacion.cl\/home\/producto\/paridera-cerdos-017\/#breadcrumb"},"inLanguage":"es","potentialAction":[{"@type":"ReadAction","target":["https:\/\/www.agroventilacion.cl\/home\/producto\/paridera-cerdos-017\/"]}]},{"@type":"ImageObject","inLanguage":"es","@id":"https:\/\/www.agroventilacion.cl\/home\/producto\/paridera-cerdos-017\/#primaryimage","url":"https:\/\/www.agroventilacion.cl\/home\/wp-content\/uploads\/2020\/07\/PARIDERA-017-1.png","contentUrl":"https:\/\/www.agroventilacion.cl\/home\/wp-content\/uploads\/2020\/07\/PARIDERA-017-1.png","width":332,"height":339},{"@type":"BreadcrumbList","@id":"https:\/\/www.agroventilacion.cl\/home\/producto\/paridera-cerdos-017\/#breadcrumb","itemListElement":[{"@type":"ListItem","position":1,"name":"Portada","item":"https:\/\/www.agroventilacion.cl\/home\/"},{"@type":"ListItem","position":2,"name":"Tienda","item":"https:\/\/www.agroventilacion.cl\/home\/tienda\/"},{"@type":"ListItem","position":3,"name":"Paridera Cerdos 017"}]},{"@type":"WebSite","@id":"https:\/\/www.agroventilacion.cl\/home\/#website","url":"https:\/\/www.agroventilacion.cl\/home\/","name":"Agroventilaci\u00f3n","description":"Soluciones Agroindustriales","publisher":{"@id":"https:\/\/www.agroventilacion.cl\/home\/#organization"},"potentialAction":[{"@type":"SearchAction","target":{"@type":"EntryPoint","urlTemplate":"https:\/\/www.agroventilacion.cl\/home\/?s={search_term_string}"},"query-input":{"@type":"PropertyValueSpecification","valueRequired":true,"valueName":"search_term_string"}}],"inLanguage":"es"},{"@type":"Organization","@id":"https:\/\/www.agroventilacion.cl\/home\/#organization","name":"Agroventilaci\u00f3n Soluciones Agroindustriales","url":"https:\/\/www.agroventilacion.cl\/home\/","logo":{"@type":"ImageObject","inLanguage":"es","@id":"https:\/\/www.agroventilacion.cl\/home\/#\/schema\/logo\/image\/","url":"https:\/\/www.agroventilacion.cl\/home\/wp-content\/uploads\/2020\/06\/Logo-agroventilacion-1.png","contentUrl":"https:\/\/www.agroventilacion.cl\/home\/wp-content\/uploads\/2020\/06\/Logo-agroventilacion-1.png","width":218,"height":80,"caption":"Agroventilaci\u00f3n Soluciones Agroindustriales"},"image":{"@id":"https:\/\/www.agroventilacion.cl\/home\/#\/schema\/logo\/image\/"}}]}},"_links":{"self":[{"href":"https:\/\/www.agroventilacion.cl\/home\/wp-json\/wp\/v2\/product\/1760","targetHints":{"allow":["GET"]}}],"collection":[{"href":"https:\/\/www.agroventilacion.cl\/home\/wp-json\/wp\/v2\/product"}],"about":[{"href":"https:\/\/www.agroventilacion.cl\/home\/wp-json\/wp\/v2\/types\/product"}],"wp:featuredmedia":[{"embeddable":true,"href":"https:\/\/www.agroventilacion.cl\/home\/wp-json\/wp\/v2\/media\/1761"}],"wp:attachment":[{"href":"https:\/\/www.agroventilacion.cl\/home\/wp-json\/wp\/v2\/media?parent=1760"}],"curies":[{"name":"wp","href":"https:\/\/api.w.org\/{rel}","templated":true}]}}