{"id":1903,"date":"2020-07-30T19:24:45","date_gmt":"2020-07-30T22:24:45","guid":{"rendered":"https:\/\/www.agroventilacion.cl\/home\/?post_type=product&#038;p=1903"},"modified":"2020-10-01T18:30:41","modified_gmt":"2020-10-01T21:30:41","slug":"tapetes-aves","status":"publish","type":"product","link":"https:\/\/www.agroventilacion.cl\/home\/producto\/tapetes-aves\/","title":{"rendered":"Tapetes Aves"},"content":{"rendered":"","protected":false},"excerpt":{"rendered":"<p>Los materiales poco higi\u00e9nicos como la paja, son ahora cosa del pasado, como lo es tambi\u00e9n\u00a0la mano de obra intensiva para cambiarlos. Estos tapetes de nidos pueden durar a\u00f1os, hecho\u00a0que aumenta la rentabilidad en las granjas.<\/p>\n<p>Los tapetes de nidos son f\u00e1ciles de cortar al tama\u00f1o necesario. Una vez instalado, apenas\u00a0necesita mantenimiento. La hierba artificial vertical y las aberturas impiden que se adhieran\u00a0la suciedad y excremento. Por ello el tapete es muy f\u00e1cil de limpiar.<\/p>\n<p>Color: Casta\u00f1o<\/p>\n<p>Dimensiones:<\/p>\n<ul>\n<li>0,91 (A) x 16 metros (L). Altura: 20mm<\/li>\n<li>0,65 (A) x 13 metros (L). Altura: 20mm<\/li>\n<li><span style=\"line-height: 1.7em;\">0,30 x 0,30 cms. \u00a0altura: 20mm<\/span><\/li>\n<\/ul>\n","protected":false},"featured_media":1904,"template":"","meta":{"_et_pb_use_builder":"","_et_pb_old_content":"","_et_gb_content_width":""},"class_list":{"0":"post-1903","1":"product","2":"type-product","3":"status-publish","4":"has-post-thumbnail","6":"product_cat-slat-aves","8":"first","9":"instock","10":"shipping-taxable","11":"product-type-simple"},"yoast_head":"<!-- This site is optimized with the Yoast SEO plugin v24.4 - https:\/\/yoast.com\/wordpress\/plugins\/seo\/ -->\n<title>Tapetes Aves - Agroventilaci\u00f3n<\/title>\n<meta name=\"robots\" content=\"index, follow, max-snippet:-1, max-image-preview:large, max-video-preview:-1\" \/>\n<link rel=\"canonical\" href=\"https:\/\/www.agroventilacion.cl\/home\/producto\/tapetes-aves\/\" \/>\n<meta property=\"og:locale\" content=\"es_ES\" \/>\n<meta property=\"og:type\" content=\"article\" \/>\n<meta property=\"og:title\" content=\"Tapetes Aves - Agroventilaci\u00f3n\" \/>\n<meta property=\"og:description\" content=\"Los materiales poco higi\u00e9nicos como la paja, son ahora cosa del pasado, como lo es tambi\u00e9n\u00a0la mano de obra intensiva para cambiarlos. Estos tapetes de nidos pueden durar a\u00f1os, hecho\u00a0que aumenta la rentabilidad en las granjas.  Los tapetes de nidos son f\u00e1ciles de cortar al tama\u00f1o necesario. Una vez instalado, apenas\u00a0necesita mantenimiento. La hierba artificial vertical y las aberturas impiden que se adhieran\u00a0la suciedad y excremento. Por ello el tapete es muy f\u00e1cil de limpiar.  Color: Casta\u00f1o  Dimensiones:   0,91 (A) x 16 metros (L). Altura: 20mm  0,65 (A) x 13 metros (L). Altura: 20mm  0,30 x 0,30 cms. \u00a0altura: 20mm\" \/>\n<meta property=\"og:url\" content=\"https:\/\/www.agroventilacion.cl\/home\/producto\/tapetes-aves\/\" \/>\n<meta property=\"og:site_name\" content=\"Agroventilaci\u00f3n\" \/>\n<meta property=\"article:modified_time\" content=\"2020-10-01T21:30:41+00:00\" \/>\n<meta property=\"og:image\" content=\"https:\/\/www.agroventilacion.cl\/home\/wp-content\/uploads\/2020\/07\/TAPETE2.png\" \/>\n\t<meta property=\"og:image:width\" content=\"328\" \/>\n\t<meta property=\"og:image:height\" content=\"253\" \/>\n\t<meta property=\"og:image:type\" content=\"image\/png\" \/>\n<meta name=\"twitter:card\" content=\"summary_large_image\" \/>\n<script type=\"application\/ld+json\" class=\"yoast-schema-graph\">{\"@context\":\"https:\/\/schema.org\",\"@graph\":[{\"@type\":\"WebPage\",\"@id\":\"https:\/\/www.agroventilacion.cl\/home\/producto\/tapetes-aves\/\",\"url\":\"https:\/\/www.agroventilacion.cl\/home\/producto\/tapetes-aves\/\",\"name\":\"Tapetes Aves - Agroventilaci\u00f3n\",\"isPartOf\":{\"@id\":\"https:\/\/www.agroventilacion.cl\/home\/#website\"},\"primaryImageOfPage\":{\"@id\":\"https:\/\/www.agroventilacion.cl\/home\/producto\/tapetes-aves\/#primaryimage\"},\"image\":{\"@id\":\"https:\/\/www.agroventilacion.cl\/home\/producto\/tapetes-aves\/#primaryimage\"},\"thumbnailUrl\":\"https:\/\/www.agroventilacion.cl\/home\/wp-content\/uploads\/2020\/07\/TAPETE2.png\",\"datePublished\":\"2020-07-30T22:24:45+00:00\",\"dateModified\":\"2020-10-01T21:30:41+00:00\",\"breadcrumb\":{\"@id\":\"https:\/\/www.agroventilacion.cl\/home\/producto\/tapetes-aves\/#breadcrumb\"},\"inLanguage\":\"es\",\"potentialAction\":[{\"@type\":\"ReadAction\",\"target\":[\"https:\/\/www.agroventilacion.cl\/home\/producto\/tapetes-aves\/\"]}]},{\"@type\":\"ImageObject\",\"inLanguage\":\"es\",\"@id\":\"https:\/\/www.agroventilacion.cl\/home\/producto\/tapetes-aves\/#primaryimage\",\"url\":\"https:\/\/www.agroventilacion.cl\/home\/wp-content\/uploads\/2020\/07\/TAPETE2.png\",\"contentUrl\":\"https:\/\/www.agroventilacion.cl\/home\/wp-content\/uploads\/2020\/07\/TAPETE2.png\",\"width\":328,\"height\":253},{\"@type\":\"BreadcrumbList\",\"@id\":\"https:\/\/www.agroventilacion.cl\/home\/producto\/tapetes-aves\/#breadcrumb\",\"itemListElement\":[{\"@type\":\"ListItem\",\"position\":1,\"name\":\"Portada\",\"item\":\"https:\/\/www.agroventilacion.cl\/home\/\"},{\"@type\":\"ListItem\",\"position\":2,\"name\":\"Tienda\",\"item\":\"https:\/\/www.agroventilacion.cl\/home\/tienda\/\"},{\"@type\":\"ListItem\",\"position\":3,\"name\":\"Tapetes Aves\"}]},{\"@type\":\"WebSite\",\"@id\":\"https:\/\/www.agroventilacion.cl\/home\/#website\",\"url\":\"https:\/\/www.agroventilacion.cl\/home\/\",\"name\":\"Agroventilaci\u00f3n\",\"description\":\"Soluciones Agroindustriales\",\"publisher\":{\"@id\":\"https:\/\/www.agroventilacion.cl\/home\/#organization\"},\"potentialAction\":[{\"@type\":\"SearchAction\",\"target\":{\"@type\":\"EntryPoint\",\"urlTemplate\":\"https:\/\/www.agroventilacion.cl\/home\/?s={search_term_string}\"},\"query-input\":{\"@type\":\"PropertyValueSpecification\",\"valueRequired\":true,\"valueName\":\"search_term_string\"}}],\"inLanguage\":\"es\"},{\"@type\":\"Organization\",\"@id\":\"https:\/\/www.agroventilacion.cl\/home\/#organization\",\"name\":\"Agroventilaci\u00f3n Soluciones Agroindustriales\",\"url\":\"https:\/\/www.agroventilacion.cl\/home\/\",\"logo\":{\"@type\":\"ImageObject\",\"inLanguage\":\"es\",\"@id\":\"https:\/\/www.agroventilacion.cl\/home\/#\/schema\/logo\/image\/\",\"url\":\"https:\/\/www.agroventilacion.cl\/home\/wp-content\/uploads\/2020\/06\/Logo-agroventilacion-1.png\",\"contentUrl\":\"https:\/\/www.agroventilacion.cl\/home\/wp-content\/uploads\/2020\/06\/Logo-agroventilacion-1.png\",\"width\":218,\"height\":80,\"caption\":\"Agroventilaci\u00f3n Soluciones Agroindustriales\"},\"image\":{\"@id\":\"https:\/\/www.agroventilacion.cl\/home\/#\/schema\/logo\/image\/\"}}]}<\/script>\n<!-- \/ Yoast SEO plugin. -->","yoast_head_json":{"title":"Tapetes Aves - Agroventilaci\u00f3n","robots":{"index":"index","follow":"follow","max-snippet":"max-snippet:-1","max-image-preview":"max-image-preview:large","max-video-preview":"max-video-preview:-1"},"canonical":"https:\/\/www.agroventilacion.cl\/home\/producto\/tapetes-aves\/","og_locale":"es_ES","og_type":"article","og_title":"Tapetes Aves - Agroventilaci\u00f3n","og_description":"Los materiales poco higi\u00e9nicos como la paja, son ahora cosa del pasado, como lo es tambi\u00e9n\u00a0la mano de obra intensiva para cambiarlos. Estos tapetes de nidos pueden durar a\u00f1os, hecho\u00a0que aumenta la rentabilidad en las granjas.  Los tapetes de nidos son f\u00e1ciles de cortar al tama\u00f1o necesario. Una vez instalado, apenas\u00a0necesita mantenimiento. La hierba artificial vertical y las aberturas impiden que se adhieran\u00a0la suciedad y excremento. Por ello el tapete es muy f\u00e1cil de limpiar.  Color: Casta\u00f1o  Dimensiones:   0,91 (A) x 16 metros (L). Altura: 20mm  0,65 (A) x 13 metros (L). Altura: 20mm  0,30 x 0,30 cms. \u00a0altura: 20mm","og_url":"https:\/\/www.agroventilacion.cl\/home\/producto\/tapetes-aves\/","og_site_name":"Agroventilaci\u00f3n","article_modified_time":"2020-10-01T21:30:41+00:00","og_image":[{"width":328,"height":253,"url":"https:\/\/www.agroventilacion.cl\/home\/wp-content\/uploads\/2020\/07\/TAPETE2.png","type":"image\/png"}],"twitter_card":"summary_large_image","schema":{"@context":"https:\/\/schema.org","@graph":[{"@type":"WebPage","@id":"https:\/\/www.agroventilacion.cl\/home\/producto\/tapetes-aves\/","url":"https:\/\/www.agroventilacion.cl\/home\/producto\/tapetes-aves\/","name":"Tapetes Aves - Agroventilaci\u00f3n","isPartOf":{"@id":"https:\/\/www.agroventilacion.cl\/home\/#website"},"primaryImageOfPage":{"@id":"https:\/\/www.agroventilacion.cl\/home\/producto\/tapetes-aves\/#primaryimage"},"image":{"@id":"https:\/\/www.agroventilacion.cl\/home\/producto\/tapetes-aves\/#primaryimage"},"thumbnailUrl":"https:\/\/www.agroventilacion.cl\/home\/wp-content\/uploads\/2020\/07\/TAPETE2.png","datePublished":"2020-07-30T22:24:45+00:00","dateModified":"2020-10-01T21:30:41+00:00","breadcrumb":{"@id":"https:\/\/www.agroventilacion.cl\/home\/producto\/tapetes-aves\/#breadcrumb"},"inLanguage":"es","potentialAction":[{"@type":"ReadAction","target":["https:\/\/www.agroventilacion.cl\/home\/producto\/tapetes-aves\/"]}]},{"@type":"ImageObject","inLanguage":"es","@id":"https:\/\/www.agroventilacion.cl\/home\/producto\/tapetes-aves\/#primaryimage","url":"https:\/\/www.agroventilacion.cl\/home\/wp-content\/uploads\/2020\/07\/TAPETE2.png","contentUrl":"https:\/\/www.agroventilacion.cl\/home\/wp-content\/uploads\/2020\/07\/TAPETE2.png","width":328,"height":253},{"@type":"BreadcrumbList","@id":"https:\/\/www.agroventilacion.cl\/home\/producto\/tapetes-aves\/#breadcrumb","itemListElement":[{"@type":"ListItem","position":1,"name":"Portada","item":"https:\/\/www.agroventilacion.cl\/home\/"},{"@type":"ListItem","position":2,"name":"Tienda","item":"https:\/\/www.agroventilacion.cl\/home\/tienda\/"},{"@type":"ListItem","position":3,"name":"Tapetes Aves"}]},{"@type":"WebSite","@id":"https:\/\/www.agroventilacion.cl\/home\/#website","url":"https:\/\/www.agroventilacion.cl\/home\/","name":"Agroventilaci\u00f3n","description":"Soluciones Agroindustriales","publisher":{"@id":"https:\/\/www.agroventilacion.cl\/home\/#organization"},"potentialAction":[{"@type":"SearchAction","target":{"@type":"EntryPoint","urlTemplate":"https:\/\/www.agroventilacion.cl\/home\/?s={search_term_string}"},"query-input":{"@type":"PropertyValueSpecification","valueRequired":true,"valueName":"search_term_string"}}],"inLanguage":"es"},{"@type":"Organization","@id":"https:\/\/www.agroventilacion.cl\/home\/#organization","name":"Agroventilaci\u00f3n Soluciones Agroindustriales","url":"https:\/\/www.agroventilacion.cl\/home\/","logo":{"@type":"ImageObject","inLanguage":"es","@id":"https:\/\/www.agroventilacion.cl\/home\/#\/schema\/logo\/image\/","url":"https:\/\/www.agroventilacion.cl\/home\/wp-content\/uploads\/2020\/06\/Logo-agroventilacion-1.png","contentUrl":"https:\/\/www.agroventilacion.cl\/home\/wp-content\/uploads\/2020\/06\/Logo-agroventilacion-1.png","width":218,"height":80,"caption":"Agroventilaci\u00f3n Soluciones Agroindustriales"},"image":{"@id":"https:\/\/www.agroventilacion.cl\/home\/#\/schema\/logo\/image\/"}}]}},"_links":{"self":[{"href":"https:\/\/www.agroventilacion.cl\/home\/wp-json\/wp\/v2\/product\/1903","targetHints":{"allow":["GET"]}}],"collection":[{"href":"https:\/\/www.agroventilacion.cl\/home\/wp-json\/wp\/v2\/product"}],"about":[{"href":"https:\/\/www.agroventilacion.cl\/home\/wp-json\/wp\/v2\/types\/product"}],"wp:featuredmedia":[{"embeddable":true,"href":"https:\/\/www.agroventilacion.cl\/home\/wp-json\/wp\/v2\/media\/1904"}],"wp:attachment":[{"href":"https:\/\/www.agroventilacion.cl\/home\/wp-json\/wp\/v2\/media?parent=1903"}],"curies":[{"name":"wp","href":"https:\/\/api.w.org\/{rel}","templated":true}]}}