{"id":736,"date":"2020-07-01T15:44:52","date_gmt":"2020-07-01T18:44:52","guid":{"rendered":"https:\/\/www.agroventilacion.cl\/home\/?post_type=product&#038;p=736"},"modified":"2020-07-01T15:44:52","modified_gmt":"2020-07-01T18:44:52","slug":"ventiladores-adf","status":"publish","type":"product","link":"https:\/\/www.agroventilacion.cl\/home\/producto\/ventiladores-adf\/","title":{"rendered":"Ventiladores ADF"},"content":{"rendered":"","protected":false},"excerpt":{"rendered":"<p>Con su h\u00e9lice de 6 aspas, el ADF 53 genera una alta tasa de desplazamiento de aire, usando poca potencia, lo que resulta en una alta eficiencia. Creado espec\u00edficamente para el mercado americano, es lo suficientemente robusto para asumir las aplicaciones m\u00e1s exigentes y resistir el paso del tiempo. El tensor de correa aurom\u00e1tica est\u00e1ndar garantiza una transferencia \u00f3ptima de energ\u00eda durante el arranque y operaci\u00f3n, con un servicio libre de mantenimiento extendido.<\/p>\n","protected":false},"featured_media":737,"template":"","meta":{"_et_pb_use_builder":"","_et_pb_old_content":"","_et_gb_content_width":""},"class_list":{"0":"post-736","1":"product","2":"type-product","3":"status-publish","4":"has-post-thumbnail","6":"product_cat-ventiladores","8":"first","9":"instock","10":"shipping-taxable","11":"product-type-simple"},"yoast_head":"<!-- This site is optimized with the Yoast SEO plugin v24.4 - https:\/\/yoast.com\/wordpress\/plugins\/seo\/ -->\n<title>Ventiladores ADF - Agroventilaci\u00f3n<\/title>\n<meta name=\"robots\" content=\"index, follow, max-snippet:-1, max-image-preview:large, max-video-preview:-1\" \/>\n<link rel=\"canonical\" href=\"https:\/\/www.agroventilacion.cl\/home\/producto\/ventiladores-adf\/\" \/>\n<meta property=\"og:locale\" content=\"es_ES\" \/>\n<meta property=\"og:type\" content=\"article\" \/>\n<meta property=\"og:title\" content=\"Ventiladores ADF - Agroventilaci\u00f3n\" \/>\n<meta property=\"og:description\" content=\"Con su h\u00e9lice de 6 aspas, el ADF 53 genera una alta tasa de desplazamiento de aire, usando poca potencia, lo que resulta en una alta eficiencia. Creado espec\u00edficamente para el mercado americano, es lo suficientemente robusto para asumir las aplicaciones m\u00e1s exigentes y resistir el paso del tiempo. El tensor de correa aurom\u00e1tica est\u00e1ndar garantiza una transferencia \u00f3ptima de energ\u00eda durante el arranque y operaci\u00f3n, con un servicio libre de mantenimiento extendido.\" \/>\n<meta property=\"og:url\" content=\"https:\/\/www.agroventilacion.cl\/home\/producto\/ventiladores-adf\/\" \/>\n<meta property=\"og:site_name\" content=\"Agroventilaci\u00f3n\" \/>\n<meta property=\"og:image\" content=\"https:\/\/www.agroventilacion.cl\/home\/wp-content\/uploads\/2020\/07\/ADF..png\" \/>\n\t<meta property=\"og:image:width\" content=\"733\" \/>\n\t<meta property=\"og:image:height\" content=\"445\" \/>\n\t<meta property=\"og:image:type\" content=\"image\/png\" \/>\n<meta name=\"twitter:card\" content=\"summary_large_image\" \/>\n<script type=\"application\/ld+json\" class=\"yoast-schema-graph\">{\"@context\":\"https:\/\/schema.org\",\"@graph\":[{\"@type\":\"WebPage\",\"@id\":\"https:\/\/www.agroventilacion.cl\/home\/producto\/ventiladores-adf\/\",\"url\":\"https:\/\/www.agroventilacion.cl\/home\/producto\/ventiladores-adf\/\",\"name\":\"Ventiladores ADF - Agroventilaci\u00f3n\",\"isPartOf\":{\"@id\":\"https:\/\/www.agroventilacion.cl\/home\/#website\"},\"primaryImageOfPage\":{\"@id\":\"https:\/\/www.agroventilacion.cl\/home\/producto\/ventiladores-adf\/#primaryimage\"},\"image\":{\"@id\":\"https:\/\/www.agroventilacion.cl\/home\/producto\/ventiladores-adf\/#primaryimage\"},\"thumbnailUrl\":\"https:\/\/www.agroventilacion.cl\/home\/wp-content\/uploads\/2020\/07\/ADF..png\",\"datePublished\":\"2020-07-01T18:44:52+00:00\",\"breadcrumb\":{\"@id\":\"https:\/\/www.agroventilacion.cl\/home\/producto\/ventiladores-adf\/#breadcrumb\"},\"inLanguage\":\"es\",\"potentialAction\":[{\"@type\":\"ReadAction\",\"target\":[\"https:\/\/www.agroventilacion.cl\/home\/producto\/ventiladores-adf\/\"]}]},{\"@type\":\"ImageObject\",\"inLanguage\":\"es\",\"@id\":\"https:\/\/www.agroventilacion.cl\/home\/producto\/ventiladores-adf\/#primaryimage\",\"url\":\"https:\/\/www.agroventilacion.cl\/home\/wp-content\/uploads\/2020\/07\/ADF..png\",\"contentUrl\":\"https:\/\/www.agroventilacion.cl\/home\/wp-content\/uploads\/2020\/07\/ADF..png\",\"width\":733,\"height\":445},{\"@type\":\"BreadcrumbList\",\"@id\":\"https:\/\/www.agroventilacion.cl\/home\/producto\/ventiladores-adf\/#breadcrumb\",\"itemListElement\":[{\"@type\":\"ListItem\",\"position\":1,\"name\":\"Portada\",\"item\":\"https:\/\/www.agroventilacion.cl\/home\/\"},{\"@type\":\"ListItem\",\"position\":2,\"name\":\"Tienda\",\"item\":\"https:\/\/www.agroventilacion.cl\/home\/tienda\/\"},{\"@type\":\"ListItem\",\"position\":3,\"name\":\"Ventiladores ADF\"}]},{\"@type\":\"WebSite\",\"@id\":\"https:\/\/www.agroventilacion.cl\/home\/#website\",\"url\":\"https:\/\/www.agroventilacion.cl\/home\/\",\"name\":\"Agroventilaci\u00f3n\",\"description\":\"Soluciones Agroindustriales\",\"publisher\":{\"@id\":\"https:\/\/www.agroventilacion.cl\/home\/#organization\"},\"potentialAction\":[{\"@type\":\"SearchAction\",\"target\":{\"@type\":\"EntryPoint\",\"urlTemplate\":\"https:\/\/www.agroventilacion.cl\/home\/?s={search_term_string}\"},\"query-input\":{\"@type\":\"PropertyValueSpecification\",\"valueRequired\":true,\"valueName\":\"search_term_string\"}}],\"inLanguage\":\"es\"},{\"@type\":\"Organization\",\"@id\":\"https:\/\/www.agroventilacion.cl\/home\/#organization\",\"name\":\"Agroventilaci\u00f3n Soluciones Agroindustriales\",\"url\":\"https:\/\/www.agroventilacion.cl\/home\/\",\"logo\":{\"@type\":\"ImageObject\",\"inLanguage\":\"es\",\"@id\":\"https:\/\/www.agroventilacion.cl\/home\/#\/schema\/logo\/image\/\",\"url\":\"https:\/\/www.agroventilacion.cl\/home\/wp-content\/uploads\/2020\/06\/Logo-agroventilacion-1.png\",\"contentUrl\":\"https:\/\/www.agroventilacion.cl\/home\/wp-content\/uploads\/2020\/06\/Logo-agroventilacion-1.png\",\"width\":218,\"height\":80,\"caption\":\"Agroventilaci\u00f3n Soluciones Agroindustriales\"},\"image\":{\"@id\":\"https:\/\/www.agroventilacion.cl\/home\/#\/schema\/logo\/image\/\"}}]}<\/script>\n<!-- \/ Yoast SEO plugin. -->","yoast_head_json":{"title":"Ventiladores ADF - Agroventilaci\u00f3n","robots":{"index":"index","follow":"follow","max-snippet":"max-snippet:-1","max-image-preview":"max-image-preview:large","max-video-preview":"max-video-preview:-1"},"canonical":"https:\/\/www.agroventilacion.cl\/home\/producto\/ventiladores-adf\/","og_locale":"es_ES","og_type":"article","og_title":"Ventiladores ADF - Agroventilaci\u00f3n","og_description":"Con su h\u00e9lice de 6 aspas, el ADF 53 genera una alta tasa de desplazamiento de aire, usando poca potencia, lo que resulta en una alta eficiencia. Creado espec\u00edficamente para el mercado americano, es lo suficientemente robusto para asumir las aplicaciones m\u00e1s exigentes y resistir el paso del tiempo. El tensor de correa aurom\u00e1tica est\u00e1ndar garantiza una transferencia \u00f3ptima de energ\u00eda durante el arranque y operaci\u00f3n, con un servicio libre de mantenimiento extendido.","og_url":"https:\/\/www.agroventilacion.cl\/home\/producto\/ventiladores-adf\/","og_site_name":"Agroventilaci\u00f3n","og_image":[{"width":733,"height":445,"url":"https:\/\/www.agroventilacion.cl\/home\/wp-content\/uploads\/2020\/07\/ADF..png","type":"image\/png"}],"twitter_card":"summary_large_image","schema":{"@context":"https:\/\/schema.org","@graph":[{"@type":"WebPage","@id":"https:\/\/www.agroventilacion.cl\/home\/producto\/ventiladores-adf\/","url":"https:\/\/www.agroventilacion.cl\/home\/producto\/ventiladores-adf\/","name":"Ventiladores ADF - Agroventilaci\u00f3n","isPartOf":{"@id":"https:\/\/www.agroventilacion.cl\/home\/#website"},"primaryImageOfPage":{"@id":"https:\/\/www.agroventilacion.cl\/home\/producto\/ventiladores-adf\/#primaryimage"},"image":{"@id":"https:\/\/www.agroventilacion.cl\/home\/producto\/ventiladores-adf\/#primaryimage"},"thumbnailUrl":"https:\/\/www.agroventilacion.cl\/home\/wp-content\/uploads\/2020\/07\/ADF..png","datePublished":"2020-07-01T18:44:52+00:00","breadcrumb":{"@id":"https:\/\/www.agroventilacion.cl\/home\/producto\/ventiladores-adf\/#breadcrumb"},"inLanguage":"es","potentialAction":[{"@type":"ReadAction","target":["https:\/\/www.agroventilacion.cl\/home\/producto\/ventiladores-adf\/"]}]},{"@type":"ImageObject","inLanguage":"es","@id":"https:\/\/www.agroventilacion.cl\/home\/producto\/ventiladores-adf\/#primaryimage","url":"https:\/\/www.agroventilacion.cl\/home\/wp-content\/uploads\/2020\/07\/ADF..png","contentUrl":"https:\/\/www.agroventilacion.cl\/home\/wp-content\/uploads\/2020\/07\/ADF..png","width":733,"height":445},{"@type":"BreadcrumbList","@id":"https:\/\/www.agroventilacion.cl\/home\/producto\/ventiladores-adf\/#breadcrumb","itemListElement":[{"@type":"ListItem","position":1,"name":"Portada","item":"https:\/\/www.agroventilacion.cl\/home\/"},{"@type":"ListItem","position":2,"name":"Tienda","item":"https:\/\/www.agroventilacion.cl\/home\/tienda\/"},{"@type":"ListItem","position":3,"name":"Ventiladores ADF"}]},{"@type":"WebSite","@id":"https:\/\/www.agroventilacion.cl\/home\/#website","url":"https:\/\/www.agroventilacion.cl\/home\/","name":"Agroventilaci\u00f3n","description":"Soluciones Agroindustriales","publisher":{"@id":"https:\/\/www.agroventilacion.cl\/home\/#organization"},"potentialAction":[{"@type":"SearchAction","target":{"@type":"EntryPoint","urlTemplate":"https:\/\/www.agroventilacion.cl\/home\/?s={search_term_string}"},"query-input":{"@type":"PropertyValueSpecification","valueRequired":true,"valueName":"search_term_string"}}],"inLanguage":"es"},{"@type":"Organization","@id":"https:\/\/www.agroventilacion.cl\/home\/#organization","name":"Agroventilaci\u00f3n Soluciones Agroindustriales","url":"https:\/\/www.agroventilacion.cl\/home\/","logo":{"@type":"ImageObject","inLanguage":"es","@id":"https:\/\/www.agroventilacion.cl\/home\/#\/schema\/logo\/image\/","url":"https:\/\/www.agroventilacion.cl\/home\/wp-content\/uploads\/2020\/06\/Logo-agroventilacion-1.png","contentUrl":"https:\/\/www.agroventilacion.cl\/home\/wp-content\/uploads\/2020\/06\/Logo-agroventilacion-1.png","width":218,"height":80,"caption":"Agroventilaci\u00f3n Soluciones Agroindustriales"},"image":{"@id":"https:\/\/www.agroventilacion.cl\/home\/#\/schema\/logo\/image\/"}}]}},"_links":{"self":[{"href":"https:\/\/www.agroventilacion.cl\/home\/wp-json\/wp\/v2\/product\/736","targetHints":{"allow":["GET"]}}],"collection":[{"href":"https:\/\/www.agroventilacion.cl\/home\/wp-json\/wp\/v2\/product"}],"about":[{"href":"https:\/\/www.agroventilacion.cl\/home\/wp-json\/wp\/v2\/types\/product"}],"wp:featuredmedia":[{"embeddable":true,"href":"https:\/\/www.agroventilacion.cl\/home\/wp-json\/wp\/v2\/media\/737"}],"wp:attachment":[{"href":"https:\/\/www.agroventilacion.cl\/home\/wp-json\/wp\/v2\/media?parent=736"}],"curies":[{"name":"wp","href":"https:\/\/api.w.org\/{rel}","templated":true}]}}

<p>Con su hélice de 6 aspas, el ADF 53 genera una alta tasa de desplazamiento de aire, usando poca potencia, lo que resulta en una alta eficiencia. Creado específicamente para el mercado americano, es lo suficientemente robusto para asumir las aplicaciones más exigentes y resistir el paso del tiempo. El tensor de correa auromática estándar garantiza una transferencia óptima de energía durante el arranque y operación, con un servicio libre de mantenimiento extendido.</p>

<!-- This site is optimized with the Yoast SEO plugin v24.4 - https://yoast.com/wordpress/plugins/seo/ -->
<title>Ventiladores ADF - Agroventilación</title>
<meta name="robots" content="index, follow, max-snippet:-1, max-image-preview:large, max-video-preview:-1" />
<link rel="canonical" href="https://www.agroventilacion.cl/home/producto/ventiladores-adf/" />
<meta property="og:locale" content="es_ES" />
<meta property="og:type" content="article" />
<meta property="og:title" content="Ventiladores ADF - Agroventilación" />
<meta property="og:description" content="Con su hélice de 6 aspas, el ADF 53 genera una alta tasa de desplazamiento de aire, usando poca potencia, lo que resulta en una alta eficiencia. Creado específicamente para el mercado americano, es lo suficientemente robusto para asumir las aplicaciones más exigentes y resistir el paso del tiempo. El tensor de correa auromática estándar garantiza una transferencia óptima de energía durante el arranque y operación, con un servicio libre de mantenimiento extendido." />
<meta property="og:url" content="https://www.agroventilacion.cl/home/producto/ventiladores-adf/" />
<meta property="og:site_name" content="Agroventilación" />
<meta property="og:image" content="https://www.agroventilacion.cl/home/wp-content/uploads/2020/07/ADF..png" />
	<meta property="og:image:width" content="733" />
	<meta property="og:image:height" content="445" />
	<meta property="og:image:type" content="image/png" />
<meta name="twitter:card" content="summary_large_image" />
<script type="application/ld+json" class="yoast-schema-graph">{"@context":"https://schema.org","@graph":[{"@type":"WebPage","@id":"https://www.agroventilacion.cl/home/producto/ventiladores-adf/","url":"https://www.agroventilacion.cl/home/producto/ventiladores-adf/","name":"Ventiladores ADF - Agroventilación","isPartOf":{"@id":"https://www.agroventilacion.cl/home/#website"},"primaryImageOfPage":{"@id":"https://www.agroventilacion.cl/home/producto/ventiladores-adf/#primaryimage"},"image":{"@id":"https://www.agroventilacion.cl/home/producto/ventiladores-adf/#primaryimage"},"thumbnailUrl":"https://www.agroventilacion.cl/home/wp-content/uploads/2020/07/ADF..png","datePublished":"2020-07-01T18:44:52+00:00","breadcrumb":{"@id":"https://www.agroventilacion.cl/home/producto/ventiladores-adf/#breadcrumb"},"inLanguage":"es","potentialAction":[{"@type":"ReadAction","target":["https://www.agroventilacion.cl/home/producto/ventiladores-adf/"]}]},{"@type":"ImageObject","inLanguage":"es","@id":"https://www.agroventilacion.cl/home/producto/ventiladores-adf/#primaryimage","url":"https://www.agroventilacion.cl/home/wp-content/uploads/2020/07/ADF..png","contentUrl":"https://www.agroventilacion.cl/home/wp-content/uploads/2020/07/ADF..png","width":733,"height":445},{"@type":"BreadcrumbList","@id":"https://www.agroventilacion.cl/home/producto/ventiladores-adf/#breadcrumb","itemListElement":[{"@type":"ListItem","position":1,"name":"Portada","item":"https://www.agroventilacion.cl/home/"},{"@type":"ListItem","position":2,"name":"Tienda","item":"https://www.agroventilacion.cl/home/tienda/"},{"@type":"ListItem","position":3,"name":"Ventiladores ADF"}]},{"@type":"WebSite","@id":"https://www.agroventilacion.cl/home/#website","url":"https://www.agroventilacion.cl/home/","name":"Agroventilación","description":"Soluciones Agroindustriales","publisher":{"@id":"https://www.agroventilacion.cl/home/#organization"},"potentialAction":[{"@type":"SearchAction","target":{"@type":"EntryPoint","urlTemplate":"https://www.agroventilacion.cl/home/?s={search_term_string}"},"query-input":{"@type":"PropertyValueSpecification","valueRequired":true,"valueName":"search_term_string"}}],"inLanguage":"es"},{"@type":"Organization","@id":"https://www.agroventilacion.cl/home/#organization","name":"Agroventilación Soluciones Agroindustriales","url":"https://www.agroventilacion.cl/home/","logo":{"@type":"ImageObject","inLanguage":"es","@id":"https://www.agroventilacion.cl/home/#/schema/logo/image/","url":"https://www.agroventilacion.cl/home/wp-content/uploads/2020/06/Logo-agroventilacion-1.png","contentUrl":"https://www.agroventilacion.cl/home/wp-content/uploads/2020/06/Logo-agroventilacion-1.png","width":218,"height":80,"caption":"Agroventilación Soluciones Agroindustriales"},"image":{"@id":"https://www.agroventilacion.cl/home/#/schema/logo/image/"}}]}</script>
<!-- / Yoast SEO plugin. -->

Ventiladores ADF - Agroventilación

Con su hélice de 6 aspas, el ADF 53 genera una alta tasa de desplazamiento de aire, usando poca potencia, lo que resulta en una alta eficiencia. Creado específicamente para el mercado americano, es lo suficientemente robusto para asumir las aplicaciones más exigentes y resistir el paso del tiempo. El tensor de correa auromática estándar garantiza una transferencia óptima de energía durante el arranque y operación, con un servicio libre de mantenimiento extendido.

Agroventilación

Agroventilación Soluciones Agroindustriales
