{"id":754,"date":"2020-07-01T15:56:27","date_gmt":"2020-07-01T18:56:27","guid":{"rendered":"https:\/\/www.agroventilacion.cl\/home\/?post_type=product&#038;p=754"},"modified":"2020-07-01T15:56:27","modified_gmt":"2020-07-01T18:56:27","slug":"ventiladores-erd","status":"publish","type":"product","link":"https:\/\/www.agroventilacion.cl\/home\/producto\/ventiladores-erd\/","title":{"rendered":"Ventiladores ERD"},"content":{"rendered":"","protected":false},"excerpt":{"rendered":"<p>Este ventilador de circulaci\u00f3n de aire -actualmente disponible en 31&#8243; y 37&#8243;- utiliza un sistema de transmisi\u00f3n directa que proporciona una mayor eficiencia mediante la reducci\u00f3n de las p\u00e9rdidas de energ\u00eda y tambi\u00e9n una reducci\u00f3n sustancial de costos de gesti\u00f3n y mantenimiento. Adem\u00e1s, en un entorno en donde se utiliza un buen desestratificador de aire, un mayor ahorro de energ\u00eda es el resultado de una homogeneidad de la temperatura. La carcasa del ventilador est\u00e1 disponible en acero galvanizado o inoxidable (Aeternum 31&#8243; solamente) para una m\u00e1xima resistencia a la corrosi\u00f3n y el impulsor se fabrica en aleaci\u00f3n de aluminio.<\/p>\n","protected":false},"featured_media":755,"template":"","meta":{"_et_pb_use_builder":"","_et_pb_old_content":"","_et_gb_content_width":""},"class_list":{"0":"post-754","1":"product","2":"type-product","3":"status-publish","4":"has-post-thumbnail","6":"product_cat-ventiladores","8":"first","9":"instock","10":"shipping-taxable","11":"product-type-simple"},"yoast_head":"<!-- This site is optimized with the Yoast SEO plugin v24.4 - https:\/\/yoast.com\/wordpress\/plugins\/seo\/ -->\n<title>Ventiladores ERD - Agroventilaci\u00f3n<\/title>\n<meta name=\"robots\" content=\"index, follow, max-snippet:-1, max-image-preview:large, max-video-preview:-1\" \/>\n<link rel=\"canonical\" href=\"https:\/\/www.agroventilacion.cl\/home\/producto\/ventiladores-erd\/\" \/>\n<meta property=\"og:locale\" content=\"es_ES\" \/>\n<meta property=\"og:type\" content=\"article\" \/>\n<meta property=\"og:title\" content=\"Ventiladores ERD - Agroventilaci\u00f3n\" \/>\n<meta property=\"og:description\" content=\"Este ventilador de circulaci\u00f3n de aire -actualmente disponible en 31&quot; y 37&quot;- utiliza un sistema de transmisi\u00f3n directa que proporciona una mayor eficiencia mediante la reducci\u00f3n de las p\u00e9rdidas de energ\u00eda y tambi\u00e9n una reducci\u00f3n sustancial de costos de gesti\u00f3n y mantenimiento. Adem\u00e1s, en un entorno en donde se utiliza un buen desestratificador de aire, un mayor ahorro de energ\u00eda es el resultado de una homogeneidad de la temperatura. La carcasa del ventilador est\u00e1 disponible en acero galvanizado o inoxidable (Aeternum 31&quot; solamente) para una m\u00e1xima resistencia a la corrosi\u00f3n y el impulsor se fabrica en aleaci\u00f3n de aluminio.\" \/>\n<meta property=\"og:url\" content=\"https:\/\/www.agroventilacion.cl\/home\/producto\/ventiladores-erd\/\" \/>\n<meta property=\"og:site_name\" content=\"Agroventilaci\u00f3n\" \/>\n<meta property=\"og:image\" content=\"https:\/\/www.agroventilacion.cl\/home\/wp-content\/uploads\/2020\/07\/ERD1.png\" \/>\n\t<meta property=\"og:image:width\" content=\"520\" \/>\n\t<meta property=\"og:image:height\" content=\"372\" \/>\n\t<meta property=\"og:image:type\" content=\"image\/png\" \/>\n<meta name=\"twitter:card\" content=\"summary_large_image\" \/>\n<script type=\"application\/ld+json\" class=\"yoast-schema-graph\">{\"@context\":\"https:\/\/schema.org\",\"@graph\":[{\"@type\":\"WebPage\",\"@id\":\"https:\/\/www.agroventilacion.cl\/home\/producto\/ventiladores-erd\/\",\"url\":\"https:\/\/www.agroventilacion.cl\/home\/producto\/ventiladores-erd\/\",\"name\":\"Ventiladores ERD - Agroventilaci\u00f3n\",\"isPartOf\":{\"@id\":\"https:\/\/www.agroventilacion.cl\/home\/#website\"},\"primaryImageOfPage\":{\"@id\":\"https:\/\/www.agroventilacion.cl\/home\/producto\/ventiladores-erd\/#primaryimage\"},\"image\":{\"@id\":\"https:\/\/www.agroventilacion.cl\/home\/producto\/ventiladores-erd\/#primaryimage\"},\"thumbnailUrl\":\"https:\/\/www.agroventilacion.cl\/home\/wp-content\/uploads\/2020\/07\/ERD1.png\",\"datePublished\":\"2020-07-01T18:56:27+00:00\",\"breadcrumb\":{\"@id\":\"https:\/\/www.agroventilacion.cl\/home\/producto\/ventiladores-erd\/#breadcrumb\"},\"inLanguage\":\"es\",\"potentialAction\":[{\"@type\":\"ReadAction\",\"target\":[\"https:\/\/www.agroventilacion.cl\/home\/producto\/ventiladores-erd\/\"]}]},{\"@type\":\"ImageObject\",\"inLanguage\":\"es\",\"@id\":\"https:\/\/www.agroventilacion.cl\/home\/producto\/ventiladores-erd\/#primaryimage\",\"url\":\"https:\/\/www.agroventilacion.cl\/home\/wp-content\/uploads\/2020\/07\/ERD1.png\",\"contentUrl\":\"https:\/\/www.agroventilacion.cl\/home\/wp-content\/uploads\/2020\/07\/ERD1.png\",\"width\":520,\"height\":372},{\"@type\":\"BreadcrumbList\",\"@id\":\"https:\/\/www.agroventilacion.cl\/home\/producto\/ventiladores-erd\/#breadcrumb\",\"itemListElement\":[{\"@type\":\"ListItem\",\"position\":1,\"name\":\"Portada\",\"item\":\"https:\/\/www.agroventilacion.cl\/home\/\"},{\"@type\":\"ListItem\",\"position\":2,\"name\":\"Tienda\",\"item\":\"https:\/\/www.agroventilacion.cl\/home\/tienda\/\"},{\"@type\":\"ListItem\",\"position\":3,\"name\":\"Ventiladores ERD\"}]},{\"@type\":\"WebSite\",\"@id\":\"https:\/\/www.agroventilacion.cl\/home\/#website\",\"url\":\"https:\/\/www.agroventilacion.cl\/home\/\",\"name\":\"Agroventilaci\u00f3n\",\"description\":\"Soluciones Agroindustriales\",\"publisher\":{\"@id\":\"https:\/\/www.agroventilacion.cl\/home\/#organization\"},\"potentialAction\":[{\"@type\":\"SearchAction\",\"target\":{\"@type\":\"EntryPoint\",\"urlTemplate\":\"https:\/\/www.agroventilacion.cl\/home\/?s={search_term_string}\"},\"query-input\":{\"@type\":\"PropertyValueSpecification\",\"valueRequired\":true,\"valueName\":\"search_term_string\"}}],\"inLanguage\":\"es\"},{\"@type\":\"Organization\",\"@id\":\"https:\/\/www.agroventilacion.cl\/home\/#organization\",\"name\":\"Agroventilaci\u00f3n Soluciones Agroindustriales\",\"url\":\"https:\/\/www.agroventilacion.cl\/home\/\",\"logo\":{\"@type\":\"ImageObject\",\"inLanguage\":\"es\",\"@id\":\"https:\/\/www.agroventilacion.cl\/home\/#\/schema\/logo\/image\/\",\"url\":\"https:\/\/www.agroventilacion.cl\/home\/wp-content\/uploads\/2020\/06\/Logo-agroventilacion-1.png\",\"contentUrl\":\"https:\/\/www.agroventilacion.cl\/home\/wp-content\/uploads\/2020\/06\/Logo-agroventilacion-1.png\",\"width\":218,\"height\":80,\"caption\":\"Agroventilaci\u00f3n Soluciones Agroindustriales\"},\"image\":{\"@id\":\"https:\/\/www.agroventilacion.cl\/home\/#\/schema\/logo\/image\/\"}}]}<\/script>\n<!-- \/ Yoast SEO plugin. -->","yoast_head_json":{"title":"Ventiladores ERD - Agroventilaci\u00f3n","robots":{"index":"index","follow":"follow","max-snippet":"max-snippet:-1","max-image-preview":"max-image-preview:large","max-video-preview":"max-video-preview:-1"},"canonical":"https:\/\/www.agroventilacion.cl\/home\/producto\/ventiladores-erd\/","og_locale":"es_ES","og_type":"article","og_title":"Ventiladores ERD - Agroventilaci\u00f3n","og_description":"Este ventilador de circulaci\u00f3n de aire -actualmente disponible en 31\" y 37\"- utiliza un sistema de transmisi\u00f3n directa que proporciona una mayor eficiencia mediante la reducci\u00f3n de las p\u00e9rdidas de energ\u00eda y tambi\u00e9n una reducci\u00f3n sustancial de costos de gesti\u00f3n y mantenimiento. Adem\u00e1s, en un entorno en donde se utiliza un buen desestratificador de aire, un mayor ahorro de energ\u00eda es el resultado de una homogeneidad de la temperatura. La carcasa del ventilador est\u00e1 disponible en acero galvanizado o inoxidable (Aeternum 31\" solamente) para una m\u00e1xima resistencia a la corrosi\u00f3n y el impulsor se fabrica en aleaci\u00f3n de aluminio.","og_url":"https:\/\/www.agroventilacion.cl\/home\/producto\/ventiladores-erd\/","og_site_name":"Agroventilaci\u00f3n","og_image":[{"width":520,"height":372,"url":"https:\/\/www.agroventilacion.cl\/home\/wp-content\/uploads\/2020\/07\/ERD1.png","type":"image\/png"}],"twitter_card":"summary_large_image","schema":{"@context":"https:\/\/schema.org","@graph":[{"@type":"WebPage","@id":"https:\/\/www.agroventilacion.cl\/home\/producto\/ventiladores-erd\/","url":"https:\/\/www.agroventilacion.cl\/home\/producto\/ventiladores-erd\/","name":"Ventiladores ERD - Agroventilaci\u00f3n","isPartOf":{"@id":"https:\/\/www.agroventilacion.cl\/home\/#website"},"primaryImageOfPage":{"@id":"https:\/\/www.agroventilacion.cl\/home\/producto\/ventiladores-erd\/#primaryimage"},"image":{"@id":"https:\/\/www.agroventilacion.cl\/home\/producto\/ventiladores-erd\/#primaryimage"},"thumbnailUrl":"https:\/\/www.agroventilacion.cl\/home\/wp-content\/uploads\/2020\/07\/ERD1.png","datePublished":"2020-07-01T18:56:27+00:00","breadcrumb":{"@id":"https:\/\/www.agroventilacion.cl\/home\/producto\/ventiladores-erd\/#breadcrumb"},"inLanguage":"es","potentialAction":[{"@type":"ReadAction","target":["https:\/\/www.agroventilacion.cl\/home\/producto\/ventiladores-erd\/"]}]},{"@type":"ImageObject","inLanguage":"es","@id":"https:\/\/www.agroventilacion.cl\/home\/producto\/ventiladores-erd\/#primaryimage","url":"https:\/\/www.agroventilacion.cl\/home\/wp-content\/uploads\/2020\/07\/ERD1.png","contentUrl":"https:\/\/www.agroventilacion.cl\/home\/wp-content\/uploads\/2020\/07\/ERD1.png","width":520,"height":372},{"@type":"BreadcrumbList","@id":"https:\/\/www.agroventilacion.cl\/home\/producto\/ventiladores-erd\/#breadcrumb","itemListElement":[{"@type":"ListItem","position":1,"name":"Portada","item":"https:\/\/www.agroventilacion.cl\/home\/"},{"@type":"ListItem","position":2,"name":"Tienda","item":"https:\/\/www.agroventilacion.cl\/home\/tienda\/"},{"@type":"ListItem","position":3,"name":"Ventiladores ERD"}]},{"@type":"WebSite","@id":"https:\/\/www.agroventilacion.cl\/home\/#website","url":"https:\/\/www.agroventilacion.cl\/home\/","name":"Agroventilaci\u00f3n","description":"Soluciones Agroindustriales","publisher":{"@id":"https:\/\/www.agroventilacion.cl\/home\/#organization"},"potentialAction":[{"@type":"SearchAction","target":{"@type":"EntryPoint","urlTemplate":"https:\/\/www.agroventilacion.cl\/home\/?s={search_term_string}"},"query-input":{"@type":"PropertyValueSpecification","valueRequired":true,"valueName":"search_term_string"}}],"inLanguage":"es"},{"@type":"Organization","@id":"https:\/\/www.agroventilacion.cl\/home\/#organization","name":"Agroventilaci\u00f3n Soluciones Agroindustriales","url":"https:\/\/www.agroventilacion.cl\/home\/","logo":{"@type":"ImageObject","inLanguage":"es","@id":"https:\/\/www.agroventilacion.cl\/home\/#\/schema\/logo\/image\/","url":"https:\/\/www.agroventilacion.cl\/home\/wp-content\/uploads\/2020\/06\/Logo-agroventilacion-1.png","contentUrl":"https:\/\/www.agroventilacion.cl\/home\/wp-content\/uploads\/2020\/06\/Logo-agroventilacion-1.png","width":218,"height":80,"caption":"Agroventilaci\u00f3n Soluciones Agroindustriales"},"image":{"@id":"https:\/\/www.agroventilacion.cl\/home\/#\/schema\/logo\/image\/"}}]}},"_links":{"self":[{"href":"https:\/\/www.agroventilacion.cl\/home\/wp-json\/wp\/v2\/product\/754","targetHints":{"allow":["GET"]}}],"collection":[{"href":"https:\/\/www.agroventilacion.cl\/home\/wp-json\/wp\/v2\/product"}],"about":[{"href":"https:\/\/www.agroventilacion.cl\/home\/wp-json\/wp\/v2\/types\/product"}],"wp:featuredmedia":[{"embeddable":true,"href":"https:\/\/www.agroventilacion.cl\/home\/wp-json\/wp\/v2\/media\/755"}],"wp:attachment":[{"href":"https:\/\/www.agroventilacion.cl\/home\/wp-json\/wp\/v2\/media?parent=754"}],"curies":[{"name":"wp","href":"https:\/\/api.w.org\/{rel}","templated":true}]}}

<p>Este ventilador de circulación de aire -actualmente disponible en 31&#8243; y 37&#8243;- utiliza un sistema de transmisión directa que proporciona una mayor eficiencia mediante la reducción de las pérdidas de energía y también una reducción sustancial de costos de gestión y mantenimiento. Además, en un entorno en donde se utiliza un buen desestratificador de aire, un mayor ahorro de energía es el resultado de una homogeneidad de la temperatura. La carcasa del ventilador está disponible en acero galvanizado o inoxidable (Aeternum 31&#8243; solamente) para una máxima resistencia a la corrosión y el impulsor se fabrica en aleación de aluminio.</p>

<!-- This site is optimized with the Yoast SEO plugin v24.4 - https://yoast.com/wordpress/plugins/seo/ -->
<title>Ventiladores ERD - Agroventilación</title>
<meta name="robots" content="index, follow, max-snippet:-1, max-image-preview:large, max-video-preview:-1" />
<link rel="canonical" href="https://www.agroventilacion.cl/home/producto/ventiladores-erd/" />
<meta property="og:locale" content="es_ES" />
<meta property="og:type" content="article" />
<meta property="og:title" content="Ventiladores ERD - Agroventilación" />
<meta property="og:description" content="Este ventilador de circulación de aire -actualmente disponible en 31&quot; y 37&quot;- utiliza un sistema de transmisión directa que proporciona una mayor eficiencia mediante la reducción de las pérdidas de energía y también una reducción sustancial de costos de gestión y mantenimiento. Además, en un entorno en donde se utiliza un buen desestratificador de aire, un mayor ahorro de energía es el resultado de una homogeneidad de la temperatura. La carcasa del ventilador está disponible en acero galvanizado o inoxidable (Aeternum 31&quot; solamente) para una máxima resistencia a la corrosión y el impulsor se fabrica en aleación de aluminio." />
<meta property="og:url" content="https://www.agroventilacion.cl/home/producto/ventiladores-erd/" />
<meta property="og:site_name" content="Agroventilación" />
<meta property="og:image" content="https://www.agroventilacion.cl/home/wp-content/uploads/2020/07/ERD1.png" />
	<meta property="og:image:width" content="520" />
	<meta property="og:image:height" content="372" />
	<meta property="og:image:type" content="image/png" />
<meta name="twitter:card" content="summary_large_image" />
<script type="application/ld+json" class="yoast-schema-graph">{"@context":"https://schema.org","@graph":[{"@type":"WebPage","@id":"https://www.agroventilacion.cl/home/producto/ventiladores-erd/","url":"https://www.agroventilacion.cl/home/producto/ventiladores-erd/","name":"Ventiladores ERD - Agroventilación","isPartOf":{"@id":"https://www.agroventilacion.cl/home/#website"},"primaryImageOfPage":{"@id":"https://www.agroventilacion.cl/home/producto/ventiladores-erd/#primaryimage"},"image":{"@id":"https://www.agroventilacion.cl/home/producto/ventiladores-erd/#primaryimage"},"thumbnailUrl":"https://www.agroventilacion.cl/home/wp-content/uploads/2020/07/ERD1.png","datePublished":"2020-07-01T18:56:27+00:00","breadcrumb":{"@id":"https://www.agroventilacion.cl/home/producto/ventiladores-erd/#breadcrumb"},"inLanguage":"es","potentialAction":[{"@type":"ReadAction","target":["https://www.agroventilacion.cl/home/producto/ventiladores-erd/"]}]},{"@type":"ImageObject","inLanguage":"es","@id":"https://www.agroventilacion.cl/home/producto/ventiladores-erd/#primaryimage","url":"https://www.agroventilacion.cl/home/wp-content/uploads/2020/07/ERD1.png","contentUrl":"https://www.agroventilacion.cl/home/wp-content/uploads/2020/07/ERD1.png","width":520,"height":372},{"@type":"BreadcrumbList","@id":"https://www.agroventilacion.cl/home/producto/ventiladores-erd/#breadcrumb","itemListElement":[{"@type":"ListItem","position":1,"name":"Portada","item":"https://www.agroventilacion.cl/home/"},{"@type":"ListItem","position":2,"name":"Tienda","item":"https://www.agroventilacion.cl/home/tienda/"},{"@type":"ListItem","position":3,"name":"Ventiladores ERD"}]},{"@type":"WebSite","@id":"https://www.agroventilacion.cl/home/#website","url":"https://www.agroventilacion.cl/home/","name":"Agroventilación","description":"Soluciones Agroindustriales","publisher":{"@id":"https://www.agroventilacion.cl/home/#organization"},"potentialAction":[{"@type":"SearchAction","target":{"@type":"EntryPoint","urlTemplate":"https://www.agroventilacion.cl/home/?s={search_term_string}"},"query-input":{"@type":"PropertyValueSpecification","valueRequired":true,"valueName":"search_term_string"}}],"inLanguage":"es"},{"@type":"Organization","@id":"https://www.agroventilacion.cl/home/#organization","name":"Agroventilación Soluciones Agroindustriales","url":"https://www.agroventilacion.cl/home/","logo":{"@type":"ImageObject","inLanguage":"es","@id":"https://www.agroventilacion.cl/home/#/schema/logo/image/","url":"https://www.agroventilacion.cl/home/wp-content/uploads/2020/06/Logo-agroventilacion-1.png","contentUrl":"https://www.agroventilacion.cl/home/wp-content/uploads/2020/06/Logo-agroventilacion-1.png","width":218,"height":80,"caption":"Agroventilación Soluciones Agroindustriales"},"image":{"@id":"https://www.agroventilacion.cl/home/#/schema/logo/image/"}}]}</script>
<!-- / Yoast SEO plugin. -->

Ventiladores ERD - Agroventilación

Este ventilador de circulación de aire -actualmente disponible en 31" y 37"- utiliza un sistema de transmisión directa que proporciona una mayor eficiencia mediante la reducción de las pérdidas de energía y también una reducción sustancial de costos de gestión y mantenimiento. Además, en un entorno en donde se utiliza un buen desestratificador de aire, un mayor ahorro de energía es el resultado de una homogeneidad de la temperatura. La carcasa del ventilador está disponible en acero galvanizado o inoxidable (Aeternum 31" solamente) para una máxima resistencia a la corrosión y el impulsor se fabrica en aleación de aluminio.

Agroventilación

Agroventilación Soluciones Agroindustriales
